-24. Let o be (-76)/s + 4/(-18). Suppose -5*c - n + 37 = 0, c + o*c - 2*n = 31. Calculate the remainder when c is divided by 4.
3
Suppose 0 = 2*u + 120 - 140. What is the remainder when 17 is divided by u?
7
Suppose 0 = -6*h + 3*h + 6. Let c(x) = 3*x**3 - x**2 - 4*x + 3. Calculate the remainder when c(h) is divided by 8.
7
Suppose -v + 11 + 2 = 4*h, -2*h = -2*v + 6. Suppose b - 48 = -h*b. Calculate the remainder when b is divided by 9.
7
Suppose 2*d + 8 = b, -d + 3 = -3*b + 12. Suppose 5*c - b*c = 3, -2*c - 20 = -2*w. Calculate the remainder when w is divided by 64/10 - 2/5.
5
Let m = 24 + -13. Calculate the remainder when (-26 + -5)*1*-1 is divided by m.
9
Suppose y + 3*y - 88 = 0. What is the remainder when 1 - 13/(65/(-210)) is divided by y?
21
Let x be (-1)/3 - (-156)/36. Calculate the remainder when 33 is divided by 10 + (-1 - 0/x).
6
Suppose 4*w - 60 = -4*t - 0*t, -2*w = -4*t + 90. Suppose q - t = 6. What is the remainder when q is divided by 68/5 + 2/5?
12
Suppose 4*i + 2 - 14 = 0. Suppose -74 = -2*p + f, 3*f + 2*f + 118 = i*p. Calculate the remainder when 105 is divided by p.
33
What is the remainder when 51 is divided by 0 - ((-6)/(-9))/(4/(-78))?
12
Let u(z) = z**2 - 1. Let s(j) = 5*j**2 + 1. Calculate the remainder when s(-1) is divided by u(-2).
0
Let j = -109 + 211. Calculate the remainder when j is divided by 35.
32
Suppose 2*r - 3 = -u, -2*r = -7*r - 15. Suppose 0*w = 5*w - 125. What is the remainder when w is divided by u?
7
Let k = 175 - 86. Calculate the remainder when k is divided by 30.
29
What is the remainder when 4/(-14) + 30784/91 is divided by 10?
8
Let v = 2 + 23. What is the remainder when v is divided by 14?
11
Suppose 3 = -2*y + 5*l - 0, 3*y + 4*l = 30. Suppose 3 = -4*v + 15. What is the remainder when y is divided by v?
0
Let i be 1*3/(6/56). Suppose -5*c - 2*p = -35, -2*c + 4*p - 2*p + i = 0. Calculate the remainder when 25 is divided by c.
7
Suppose 5*t - t - 5*g = 48, -g + 31 = 5*t. Suppose 2*m - 36 = -3*y + 5, -2*m + y + 53 = 0. Calculate the remainder when m is divided by t.
4
Let t be (-1 - 2) + 5 - -34. Let o = -24 + t. What is the remainder when 23 is divided by o?
11
Suppose 14 = m + n - 0*n, -m = 2*n - 18. Calculate the remainder when 48 is divided by m.
8
Suppose 0*i = 2*i - 6. Suppose 47 = d - 5*u + 13, -3*d + i*u = -138. Calculate the remainder when d is divided by 207/12 + (-18)/8 + 2.
15
Let k = 69 - 49. Calculate the remainder when k is divided by 11.
9
Suppose 5*p - 117 = 4*k, 0*p + 4*p = 4*k + 96. Calculate the remainder when 185 is divided by p.
17
Suppose 169 = 4*p - 139. Let z = -52 + p. What is the remainder when z is divided by 9?
7
Let u = 61 + 24. Calculate the remainder when u is divided by 23.
16
Let j(g) = -g**2 + 7*g - 3. What is the remainder when ((-14)/(-8))/(5/20) is divided by j(6)?
1
Let n(w) = -3*w - 54. What is the remainder when 46 is divided by n(-22)?
10
Let l(r) = 2*r**2 + 7*r + 6. What is the remainder when 13 is divided by l(-3)?
1
Let h(o) be the second derivative of -o**3/3 - 3*o**2 - 4*o. What is the remainder when 38 is divided by h(-8)?
8
Let g = 25 - 23. Suppose 2*y + g = 6. What is the remainder when 6 is divided by y?
0
Suppose -h = 2*d - 137, -3*d + 2*h = -0*d - 188. Calculate the remainder when d is divided by 14.
10
Let k = 6 + 9. Let c(r) = -20*r - 1. What is the remainder when c(-3) is divided by k?
14
Suppose -7 = -i + 3*i - 5*g, 0 = 5*i - g - 17. Suppose y - 5*k - 33 = -3*y, -i*y - 3*k = -25. What is the remainder when 19 is divided by y?
5
Let m = 5 + 2. Let u be ((-90)/5)/(-1 - 1). Let q = 14 - u. What is the remainder when m is divided by q?
2
Let c(u) be the second derivative of u**4/6 + 2*u**3 + 5*u**2/2 + 4*u. Calculate the remainder when c(-8) is divided by 20.
17
Let m = -23 + 20. What is the remainder when 64 is divided by ((-11)/4)/(m/12)?
9
Let o be -4*(-3)/16*4. Suppose r + o*u = 2*r - 46, 2*r = -u + 57. What is the remainder when r is divided by 11?
9
Let t(w) = -w**3 + w**2 - w + 14. Let s be t(0). Let f be (-2)/(-3)*63/s. Suppose y + f*y = 48. Calculate the remainder when 33 is divided by y.
9
Let d(p) = 2*p**3 - p**2 + 2*p. Let o(i) = i**3 - 5*i**2 - 7. Calculate the remainder when o(6) is divided by d(2).
13
Let r(w) = w + 10. Let i be r(-7). Suppose 0 = -2*n + i*n - 6. What is the remainder when (-10)/(-15) - (-170)/n is divided by 15?
14
Let t = 20 - 17. What is the remainder when 2/t - 31/(-3) is divided by 3?
2
Suppose 14 = 4*n + 2. Suppose 3*q - 3 = n. What is the remainder when (-2 + q - -2) + 13 is divided by 8?
7
Let r = 100 - 53. What is the remainder when r is divided by 25?
22
Let h(n) = n**2 + 7*n + 10. Let q be h(-8). Suppose 0*u + q = 2*u. Suppose -u + 3 = -2*b. What is the remainder when b is divided by 2?
1
Suppose -15 = -5*l + 2*l. Suppose 0 = w + 3*w. Suppose 4*m + w*v + l*v - 32 = 0, v - 40 = -5*m. Calculate the remainder when m is divided by 3.
2
Let u be (-208 - -12)*(-1)/2. Suppose 0 = -2*c - 3*c - s + 127, -4*c = -s - u. Calculate the remainder when c is divided by 7.
4
Let f(x) = x**2 - 4*x - 3. Calculate the remainder when f(-6) is divided by 20.
17
Suppose -2*u + 8 = 2*v, 0 = -2*u - 4 + 2. Suppose 25 = v*r - 0. Calculate the remainder when 13 is divided by r.
3
Suppose -54 + 229 = 5*c. Let a(g) = -g**3 + 10*g**2 - 9*g - 4. Let o be a(9). Calculate the remainder when c is divided by (-24)/4*6/o.
8
Let u = 95 + -39. Calculate the remainder when u is divided by 29.
27
Suppose -172 = -5*f - 2. What is the remainder when 133 is divided by f?
31
Let r(b) be the first derivative of b**3/3 - 2*b**2 + 5*b + 1. What is the remainder when (-7 + 4)*(-13)/3 is divided by r(4)?
3
Let c = 13 - -26. Let j = 9 + 11. Calculate the remainder when c is divided by j.
19
Let k = -23 - -25. Suppose -k*b + 27 = -33. Calculate the remainder when b is divided by 11.
8
Suppose -11*i + 125 + 18 = 0. Calculate the remainder when 19 is divided by i.
6
Let v = -5 + 8. Suppose -4*s = -2*k, v*k + 0*s + 3*s = 9. Suppose -y - 48 = -3*i + k*y, 3*i = -2*y + 53. What is the remainder when 33 is divided by i?
16
Let n(k) = -k**3 - 7*k**2 - 5*k + 3. Let w be n(-6). Let q = w + 16. Calculate the remainder when -4*(0 - 57/6) is divided by q.
12
Let r be 12/10*(-10)/(-3). Suppose -u - 4*u - 9 = 2*c, r*c - 18 = 2*u. Suppose -c*a + 16 = -a. What is the remainder when 30 is divided by a?
6
Let o(z) = -z**3 - 6*z**2 - z + 3. Suppose f - 4*f + 24 = 0. Let p(q) = q**2 - 7*q + 8. What is the remainder when p(f) is divided by o(-6)?
7
Suppose 2*g = 33 - 27. Let o(t) = t**3 - 2*t**2 - t + 1. Let z be o(3). Let a = z - 5. What is the remainder when g is divided by a?
1
Let v = -76 - 81. Let w = 283 + v. Suppose -3*p = -15 - w. Calculate the remainder when p is divided by 16.
15
Let w = -7 - -82. What is the remainder when w is divided by 20?
15
Let u be (-9)/(-2) - 1/(-2). Suppose u*c + 6 = 16. What is the remainder when c is divided by 1?
0
Let m(p) = 3*p**2 + 2*p - 1. Let o = 21 - 15. Calculate the remainder when o is divided by m(1).
2
Suppose 14 = 6*h - 70. What is the remainder when 151 is divided by h?
11
Suppose 12*t - 96 = 48. What is the remainder when t is divided by 4?
0
Let n(x) = 8*x + 10. Calculate the remainder when n(5) is divided by 13.
11
Let a = 1 + 3. Let n = 39 - 30. What is the remainder when n is divided by a?
1
Let g = -17 + 27. Calculate the remainder when 87 is divided by g.
7
Let u = -3 - 3. Calculate the remainder when 1 is divided by (-9)/u + 1/(-2).
0
Suppose -3*p = -130 - 17. What is the remainder when p is divided by 26?
23
Let a(p) = p**2 - p + 2. Calculate the remainder when 38 is divided by a(4).
10
Calculate the remainder when 33 is divided by (12/7)/(26/273).
15
Suppose -3*r - 9 = -24. Suppose 3*d - 52 = -d. What is the remainder when d is divided by r?
3
Suppose 4*w = 8*w - 132. Let k be 140/6*w/22. Suppose -4*r + k = r. What is the remainder when r is divided by 2?
1
Let c = 0 + 5. Suppose 48 = c*a - 3*k, 3*k = -5*a + 3*a + 36. Calculate the remainder when 45 is divided by a.
9
Let i(o) = 2*o**2 - 11*o + 14. What is the remainder when i(9) is divided by 20?
17
Suppose -m - 11 + 56 = 0. Suppose -m = -6*r + r. Calculate the remainder when -3*(-3)/((-9)/(-16)) is divided by r.
7
Let j = -26 + 51. Suppose -u + 5 = 5*f, 7*u = 2*